e b(-12). What is the greatest common divisor of l and f?
19
Suppose 0 = 79*b - 81*b + 414. Calculate the highest common divisor of 23 and b.
23
Let v = 67 + 113. What is the highest common factor of 10 and v?
10
Suppose 0*h + 5 = -h. Let x = 4 + h. Let j be x + 15 - (-2)/1. Calculate the greatest common factor of 4 and j.
4
Let w(f) = 2 + 4*f**2 - 2*f**2 + 1 - 6*f - f**2. Let u be w(6). Suppose t = u, 2*x + 5*t - 32 = t. What is the highest common divisor of x and 25?
5
Let w(n) = n**2 - 8*n + 112. Let r be w(8). Calculate the highest common divisor of r and 4.
4
Let s be -2*(-2 + 6/(-4)). Suppose -3*l = 4*q - 117, 0 = 12*l - 11*l + 4*q - 47. What is the greatest common divisor of l and s?
7
Let y = -3 - 3. Let q = -1 + y. Let h(c) = c**2 + 7*c + 9. Let f be h(q). What is the greatest common divisor of 18 and f?
9
Let w = -11 - -15. Suppose 0 = 2*a - 0*m + 3*m + 25, -2*m = w*a + 62. Let r = 19 + a. Calculate the highest common factor of 22 and r.
2
Let r = 10 - 0. Suppose 0 = 5*b + 224 + 11. Let z = -22 - b. Calculate the highest common divisor of z and r.
5
Suppose 0 = -3*p + 2*b + 775, 0 = 2*p - 5*b - 650 + 148. Let m = -177 + p. Suppose -2*w + 18 = -94. What is the greatest common factor of w and m?
28
Let k be 1*7/(-14)*-7370. Calculate the highest common factor of 55 and k.
55
Let z be -110 + -9*4/(-12). Let i = -37 - z. Suppose 0 = 2*p + 3*p - i. Calculate the greatest common factor of 126 and p.
14
Let o = 1391 - 779. Calculate the greatest common factor of o and 144.
36
Let w(l) = -6*l - 14 - 30 + 32. Let d be w(-8). Calculate the highest common divisor of 36 and d.
36
Let d(x) = -x**3 + 8*x**2 - 6*x + 1. Let n = -17 + 11. Let m be 1*((-2)/(-2) - n). Let l be d(m). What is the greatest common divisor of 1 and l?
1
Let n(u) = -14*u**3 - 4*u**2 - 2*u. Let z be n(-2). Calculate the highest common factor of 60 and z.
20
Suppose 3*d - 9 = 24. What is the greatest common divisor of d and 110?
11
Suppose 2*z - 17 = 17. Suppose -5*j + z + 33 = 0. Let o(n) = -n**3 + 10*n**2 + 4. Let m be o(j). Calculate the highest common divisor of 4 and m.
4
Let t(x) = x**2 - 2*x + 15. Let s be t(0). What is the highest common divisor of 40 and s?
5
Let s = -273 + 279. What is the highest common factor of 60 and s?
6
Let g(w) = -w**2 - 13*w + 5. Let o be g(-10). Suppose 2*f = o - 11. Let y be 32/(-12)*(-9)/f. Calculate the highest common divisor of 1 and y.
1
Suppose -s + 0 = 3*l - 48, -2*s - 3*l = -90. Let r = -30 - -44. Suppose 3*d = 2*d + r. Calculate the greatest common factor of d and s.
14
Suppose -4*m = -m + 45. Let a be 8/60 + (-133)/m. Calculate the highest common divisor of a and 90.
9
Suppose 5*r - 7*r = 16. Let w = r - -10. Suppose -w*y = y - 48. Calculate the greatest common divisor of 16 and y.
16
Let d = -177 + 282. Suppose 6*c + d = -81. Let u = -22 - c. What is the greatest common factor of 1 and u?
1
Let l be (31 - 34)/(2/(-28)*2). Let d be 4 + -1 - (2 - 2). Calculate the greatest common divisor of d and l.
3
Let s be (-1 + 9/18)/((-1)/432). Calculate the highest common divisor of s and 27.
27
Suppose 118 - 418 = -3*v. Let s = 112 - v. Suppose -2*j - 8 + 20 = 0. What is the highest common divisor of j and s?
6
Let a = 653 + -498. What is the highest common factor of a and 5?
5
Let s = 241 + -223. Calculate the greatest common factor of s and 288.
18
Let o = -3 + 4. Let w(r) be the first derivative of r**2/2 + r - 66. Let d be w(o). What is the greatest common divisor of d and 1?
1
Let t be (180/75)/((-4)/(-70)). What is the greatest common factor of 98 and t?
14
Let i be 7 - (-144 + (-3)/4*4). Calculate the highest common divisor of 176 and i.
22
Suppose 4*n + 1156 = 4*r, 26 = -3*n + 17. Calculate the greatest common divisor of r and 22.
22
Suppose -147 = -5*y + 4*a, 4*y - 6*a - 114 = -a. Let l be (-1098)/(-61) + 783/3. Calculate the highest common divisor of y and l.
31
Suppose 3*s - 27 = -3*g, -7 = -2*s + 2*g - 1. Let y(u) = -u**2 + 2*u + 1. Let t be y(s). Let v = t - -30. What is the highest common factor of 28 and v?
7
Let i(b) = 41*b - 111. Let a be i(7). What is the highest common factor of 55 and a?
11
Let t be (3 + 348/(-8))*-2. Let q(v) = -v**3 - 6*v**2 + 10*v - 21. Let a be q(-8). Calculate the highest common factor of a and t.
27
Suppose 5*p - 285 = -5*l, -p + 34 + 14 = 4*l. Calculate the greatest common factor of p and 20.
20
Let d = 20 - 33. Suppose -4*b = -h - 43, 4*b - 68 = 2*h + 2*b. Let t = d - h. What is the highest common factor of t and 6?
6
Suppose 5*d - 3*d = 4*v + 128, 4*v - 3*d + 130 = 0. Let y = v + 32. Calculate the greatest common divisor of y and 11.
1
Suppose i = -3*i + 112. Let n be ((-2709)/i)/(6/(-32)). Suppose 48 = -3*t + 3*z + n, -2*t = 3*z - 292. What is the greatest common divisor of t and 19?
19
Suppose -26 + 64 = 2*b. Suppose -h = j + 4*h + b, -3*h = 3*j + 9. Calculate the highest common factor of j and 2.
1
Let p be (6/8 - (-3)/12) + -1. Suppose -6*n = -3*n + l - 106, p = n + 3*l - 22. What is the highest common divisor of n and 74?
37
Let u(m) = m**3 - 1. Let r(d) = 3*d**3 - 4*d**2 - 8*d - 11. Let y(w) = r(w) - 4*u(w). Let i be y(-4). Calculate the greatest common factor of i and 5.
5
Let o = -642 - -850. Let x = 23 + 9. Suppose -a - 6 = -x. What is the greatest common factor of a and o?
26
Let g(l) = -2*l**3 + 2*l**2 - 2*l + 3. Let j be g(-4). Suppose 85 = 5*c + 2*t, -5*t - 62 = -3*c - 4*t. What is the greatest common factor of j and c?
19
Suppose -3*n + 0*n - 5*f + 16 = 0, -4*n + 3*f + 2 = 0. Let v be (-1 - -1 - 0) + n. Suppose v*w + 2*w - 24 = 0. What is the greatest common factor of w and 42?
6
Let h = 656 + -381. What is the greatest common divisor of h and 11?
11
Suppose -4*r - 37 = -3*u + 127, 0 = 4*u + 3*r - 252. What is the highest common divisor of 72 and u?
12
Let g be 8/(-16) - 25/2. Let f = 19 + g. Suppose 3*d - f*d = -3. What is the greatest common factor of 7 and d?
1
Let c = 2137 + -2121. What is the highest common divisor of 976 and c?
16
Suppose -5 + 5 = -5*z. Suppose z = 5*r - 5*c - 255, -3*c - 6 = 3. What is the greatest common factor of r and 48?
48
Suppose -3*i - i + 52 = 0. Let g = 10 + 3. Calculate the greatest common divisor of i and g.
13
Let y(o) = -24*o + 13. Let m be y(0). Calculate the highest common divisor of m and 2.
1
Suppose -43 = -3*v + 35. Let z = v - 18. What is the greatest common factor of z and 88?
8
Let z(y) = -y**3 - 5*y**2 - 4*y - 7. Let v be z(-6). Let c = 75 - v. Calculate the greatest common divisor of 242 and c.
22
Suppose -x = -5, -2*g = -3*x - x + 48. Let y be (-4)/g - 922/(-7). Calculate the greatest common divisor of y and 12.
12
Let i(g) = 2*g**2 + 14*g + 48. Let u be i(-7). Calculate the greatest common factor of u and 6.
6
Suppose -l = -1 - 1. Let q = -172 + 188. What is the highest common factor of l and q?
2
Let f = -610 + 614. Suppose 5*d + 3*m - 438 = 128, -552 = -5*d + 4*m. Suppose 28 = 5*v - d. What is the highest common factor of f and v?
4
Suppose 5*h + 38 = 4*p + 2, -5*p = -2*h - 45. Let n(d) = d - 4*d + 1 - d**3 + 9*d**2 + 4*d + 2*d. Let i be n(p). Calculate the highest common factor of 4 and i.
4
Suppose 37*j = 27*j + 100. Calculate the highest common divisor of 10 and j.
10
Suppose -204 + 399 = 15*c. What is the greatest common factor of c and 2977?
13
Let h(r) = -r**3 - 22*r**2 + 46*r - 23. Suppose 2*s = 3*s + 24. Let t be h(s). Calculate the greatest common divisor of t and 225.
25
Suppose 5*n = 3*v - 126, -101 = -5*v - 4*n + 109. Let a = -38 + v. Calculate the highest common factor of a and 36.
4
Let b(s) = -24*s + 2. Let o be b(-1). Calculate the highest common factor of 13 and o.
13
Let b(s) = s**2 - 4*s + 10. Let x = 65 - 60. Let l be b(x). What is the highest common divisor of 3 and l?
3
Let v(h) = -h**3 - 3*h**2 - 7*h + 8. Let m(g) = -g**3 - g + 1. Let r(f) = -2*m(f) + v(f). Let u be r(6). What is the greatest common factor of u and 12?
12
Let s = 1029 - 1011. Calculate the highest common divisor of 54 and s.
18
Let i be (-35 + -1)*(-3)/6. Let h = i - 15. Let w = 0 - -2. Calculate the greatest common factor of h and w.
1
Let z be (1 + 0)*(3 + (23 - 3)). What is the greatest common factor of 2875 and z?
23
Let v = -46 - -46. Suppose v = -4*j - 4*y + 664, 0 = 4*j + 5*y + 122 - 787. What is the greatest common divisor of j an